 highest common factor of 147 and 1554?
21
What is the highest common divisor of 4 and 124?
4
Calculate the highest common factor of 325 and 125.
25
What is the greatest common factor of 160 and 360?
40
What is the greatest common factor of 230 and 20?
10
What is the greatest common factor of 369 and 18?
9
Calculate the greatest common factor of 99 and 1413.
9
What is the highest common divisor of 4 and 1252?
4
What is the greatest common divisor of 38263 and 83?
83
Calculate the highest common factor of 56 and 6912.
8
Calculate the highest common factor of 986 and 3712.
58
Calculate the greatest common divisor of 1648 and 96.
16
Calculate the greatest common factor of 57 and 95.
19
What is the highest common divisor of 67 and 5561?
67
Calculate the highest common divisor of 230 and 575.
115
Calculate the highest common factor of 265 and 5.
5
Calculate the highest common factor of 551 and 228.
19
What is the greatest common factor of 4592 and 112?
112
Calculate the highest common divisor of 506 and 88.
22
What is the greatest common factor of 40 and 6?
2
What is the greatest common factor of 27 and 1242?
27
Calculate the highest common divisor of 620 and 589.
31
Calculate the greatest common divisor of 19 and 1.
1
What is the greatest common factor of 1618 and 2?
2
What is the highest common factor of 780 and 39?
39
What is the greatest common factor of 9 and 36?
9
What is the highest common factor of 1020 and 120?
60
Calculate the highest common divisor of 609 and 168.
21
Calculate the greatest common factor of 112 and 252.
28
What is the highest common factor of 83 and 9379?
83
Calculate the highest common factor of 80 and 405.
5
Calculate the greatest common divisor of 517 and 47.
47
Calculate the highest common factor of 221 and 178126.
221
What is the highest common divisor of 24 and 744?
24
What is the greatest common factor of 79 and 632?
79
What is the greatest common divisor of 3 and 75?
3
Calculate the highest common divisor of 21 and 91.
7
What is the greatest common factor of 52 and 65?
13
What is the greatest common divisor of 8965 and 330?
55
Calculate the greatest common factor of 486 and 72.
18
What is the highest common divisor of 100 and 132?
4
Calculate the greatest common divisor of 2535 and 494.
13
Calculate the greatest common divisor of 61 and 305.
61
Calculate the greatest common factor of 174 and 232.
58
What is the greatest common divisor of 88 and 198?
22
What is the highest common factor of 218 and 7739?
109
What is the highest common factor of 15 and 9?
3
What is the highest common factor of 1276 and 29?
29
Calculate the highest common divisor of 72 and 15216.
24
Calculate the highest common factor of 147 and 3.
3
Calculate the greatest common divisor of 34 and 1258.
34
What is the greatest common divisor of 41 and 451?
41
Calculate the greatest common factor of 378 and 546.
42
What is the highest common factor of 13 and 767?
13
What is the highest common divisor of 154 and 56?
14
Calculate the highest common factor of 2646 and 1449.
63
What is the highest common divisor of 6 and 258?
6
What is the greatest common factor of 99 and 33?
33
Calculate the greatest common factor of 14 and 112.
14
Calculate the greatest common factor of 2320 and 64.
16
Calculate the highest common factor of 266 and 490.
14
Calculate the highest common factor of 352 and 748.
44
What is the greatest common divisor of 8 and 616?
8
What is the highest common factor of 4318 and 1778?
254
What is the greatest common divisor of 348 and 13050?
174
What is the highest common factor of 4254 and 6?
6
Calculate the greatest common factor of 391 and 253.
23
What is the greatest common divisor of 2023 and 7?
7
What is the highest common divisor of 270 and 420?
30
Calculate the greatest common divisor of 100 and 752.
4
What is the highest common divisor of 4 and 4?
4
What is the greatest common factor of 615 and 984?
123
What is the greatest common factor of 88 and 1192?
8
Calculate the greatest common divisor of 350 and 3400.
50
Calculate the highest common divisor of 15 and 201.
3
What is the greatest common factor of 15 and 573?
3
What is the highest common divisor of 117 and 104?
13
What is the greatest common divisor of 393 and 12?
3
What is the greatest common factor of 126 and 2282?
14
What is the highest common factor of 336 and 210?
42
Calculate the highest common factor of 888 and 1147.
37
What is the highest common divisor of 6764 and 152?
76
What is the highest common divisor of 5 and 335?
5
Calculate the greatest common divisor of 87 and 1044.
87
Calculate the greatest common factor of 29 and 290.
29
Calculate the highest common divisor of 800 and 25.
25
What is the highest common factor of 141 and 235?
47
What is the greatest common factor of 110 and 1720?
10
Calculate the highest common divisor of 95 and 40.
5
Calculate the greatest common divisor of 5244 and 115.
23
Calculate the greatest common factor of 17501 and 74.
37
Calculate the highest common divisor of 76 and 19.
19
What is the highest common divisor of 51954 and 42?
42
What is the highest common divisor of 455 and 195?
65
Calculate the highest common divisor of 90 and 210.
30
What is the highest common divisor of 3972 and 12?
12
What is the highest common factor of 10 and 6?
2
Calculate the greatest common factor of 1470 and 90.
30
What is the highest common divisor of 32950 and 40?
10
What is the highest common factor of 1701 and 21?
21
Calculate the highest common factor of 10 and 2930.
10
What is the highest common divisor of 66 and 1848?
66
Calculate the greatest common divisor of 60 and 525.
15
What is the greatest common factor of 28 and 2842?
14
Calculate the greatest common factor of 3799 and 262.
131
What is the greatest common factor of 140 and 80?
20
What is the greatest common factor of 12 and 19032?
12
Calculate the greatest common factor of 1064 and 21.
7
Calculate the greatest common divisor of 2522 and 65.
13
Calculate the highest common divisor of 198 and 1419.
33
What is the greatest common divisor of 59 and 413?
59
Calculate the highest common factor of 612 and 238.
34
What is the greatest common divisor of 214 and 3103?
107
Calculate the highest common divisor of 105 and 525.
105
Calculate the highest common divisor of 400 and 1440.
80
What is the greatest common factor of 2 and 2?
2
What is the highest common divisor of 1407 and 14271?
201
Calculate the highest common divisor of 213 and 5396.
71
What is the greatest common factor of 1216 and 171?
19
Calculate the greatest common factor of 272 and 1003.
17
Calculate the highest common factor of 3852 and 54.
18
What is the greatest common factor of 720 and 96?
48
What is the greatest common factor of 26 and 1417?
13
What is the highest common factor of 323 and 152?
19
Calculate the greatest common factor of 59740 and 116.
116
Calculate the highest common factor of 82 and 2501.
41
What is the highest common divisor of 33 and 5709?
33
Calculate the greatest common factor of 100 and 5800.
100
Calculate the highest common divisor of 160 and 280.
40
Calculate the highest common factor of 380 and 19.
19
What is the highest common divisor of 12 and 8508?
12
Calculate the highest common divisor of 837 and 189.
27
What is the greatest common factor of 6622 and 43?
43
Calculate the highest common factor of 268 and 67.
67
Calculate the highest common factor of 4526 and 1168.
146
What is the highest common factor of 160 and 192?
32
What is the greatest common factor of 47 and 47?
47
What is the greatest common factor of 55 and 755?
5
What is the highest common factor of 726 and 198?
66
Calculate the highest common factor of 3585 and 60.
15
What is the greatest common factor of 242 and 110?
22
Calculate the highest common factor of 672 and 525.
21
Calculate the greatest common divisor of 360 and 576.
72
Calculate the greatest common factor of 15 and 95.
5
Calculate the highest common factor of 644 and 756.
28
Calculate the greatest common divisor of 737 and 67.
67
Calculate the greatest common divisor of 760 and 19190.
190
What is the highest common divisor of 17 and 187?
17
What is the greatest common divisor of 135 and 27?
27
What is the greatest common factor of 13050 and 1392?
174
Calculate the highest common fa